 w and 12.
4
Suppose 16 = -4*q + 8*q. Suppose 0 = 5*t + 5*m - 90, -59 - 49 = -5*t + q*m. Calculate the greatest common factor of t and 50.
10
Let r be ((-32)/6)/(7/(-126)). Calculate the highest common divisor of 24 and r.
24
Let d be (-1)/(-3 + (-70)/(-25)). What is the greatest common factor of 40 and d?
5
Suppose -13 = -3*k - 37. Let d be 2/(-4) - 20/k. Let u be 93/12 - d/(-8). What is the greatest common divisor of 32 and u?
8
Suppose -45 = -2*o + 5*l, -3*o = 4*l - 116 + 14. Calculate the highest common divisor of 150 and o.
30
Let f(a) = -a**2 + 16*a - 1. Let j be f(11). Calculate the greatest common divisor of j and 6.
6
Let a be (6/4)/(2/140). Let n be (-46)/69 + 94*2/12. Calculate the greatest common factor of n and a.
15
Let p be 17 + 3 + 2*-2. Let z be (110/8)/(4/p). Let f(i) = 3*i - 7. Let h be f(6). Calculate the greatest common factor of h and z.
11
Let z(n) = n**3 + 6*n**2 + 3*n - 4. Let q be z(-5). Let g = -2 - -14. Calculate the greatest common divisor of q and g.
6
Let k be -1 + 2 - (0 - 1). Suppose -7 = -2*j - 1. Suppose 2 = j*g - 7, 5*l - 5*g - 55 = 0. What is the greatest common factor of k and l?
2
Suppose -3*q + d + 8 + 40 = 0, 0 = -5*q + 4*d + 80. Calculate the greatest common divisor of 144 and q.
16
Suppose -8 = -p + 3. What is the greatest common divisor of 33 and p?
11
Let i(g) = -g**2 + 4*g + 7. Let w be i(5). Let b = 48 - 87. Let v be -52*(w - b/(-12)). What is the greatest common factor of 13 and v?
13
Suppose -6 = -3*b, -4*m + 3*m - 6 = 4*b. Let o = 29 + m. What is the greatest common divisor of o and 5?
5
Let x(l) = -7*l + 4. Let s be x(3). Suppose -d + 2 = -0. Let r be (s/d)/(6/(-12)). What is the greatest common factor of r and 85?
17
Let p be (-4)/(-2) - 0/2. Suppose 30 = 3*n + p*n. Calculate the highest common factor of 66 and n.
6
Suppose 4*r + 4*b = 196, -4*r + b + 4*b = -187. Let y = -13 - -19. Let h(m) = m**2 + m - 10. Let k be h(y). Calculate the greatest common divisor of r and k.
16
Let v(i) = -i**3 - 4*i**2 - 5*i + 3. Let c be v(-4). Let s = 45 - c. Calculate the greatest common factor of 55 and s.
11
Suppose -54 = -3*o + 6*o + 3*h, 15 = 5*h. Let v = -11 - o. Calculate the highest common divisor of v and 10.
10
Let p(m) = m**3 - 21*m**2 + 25*m - 68. Let s be p(20). Suppose 3*j = 2*a + 4, 3*a + 4*j - 36 = -2*a. Calculate the greatest common divisor of a and s.
4
Let w(a) = -a - 4*a - 6*a - 1. Suppose -2 = -m, -m = -4*v + 3*m - 12. Let x be w(v). Calculate the greatest common divisor of 10 and x.
10
Let h be (-2264)/(-12) - -1*(-3)/(-9). Calculate the highest common factor of h and 21.
21
Let b be (-4)/(-10) + (-68)/20. Let s be (-1)/b*(26 + -5). Suppose 2*x = 4 + 108. Calculate the greatest common divisor of s and x.
7
Suppose 0 = 5*q - 12 - 8. Let g be 3*(-57)/(-9)*q. Let s be 1/((1 - 0)/19). Calculate the greatest common divisor of g and s.
19
Let z be 0 + -2 - (-2 - 4). Let s be (-100)/(-36) + z/18. Calculate the highest common factor of 24 and s.
3
Let n be -1*(3 - -14*1). Let j = -11 - n. Let o(k) = -k**3 + 7*k**2 - 4*k - 1. Let b be o(j). Calculate the highest common factor of 11 and b.
11
Suppose -w = q + 4*w - 31, 14 = 2*q - 2*w. Calculate the highest common divisor of 44 and q.
11
Let b be (-216)/(-16)*2*8. Calculate the highest common divisor of b and 24.
24
Let c(f) = 6*f - 15. Let s be c(9). Calculate the highest common divisor of 13 and s.
13
Let k(n) = 40*n - 46. Let s(t) = 27*t - 31. Let h(r) = -5*k(r) + 7*s(r). Let l be h(-9). What is the greatest common factor of l and 14?
14
Let m = -2 - -4. Suppose 0 = x + m*x - 207. What is the highest common factor of 46 and x?
23
Suppose -3*c + 2 = -4. Suppose 0 = c*f - 33 - 23. What is the highest common divisor of f and 42?
14
Suppose -3*s + 45 = -0*s. Suppose 1 = 2*d - 3. Suppose -d*g = -0*g - 12. Calculate the highest common divisor of s and g.
3
Suppose 8 = -b + 44. Suppose -b = -2*y - 3*s - 7, -2*y = -5*s - 5. Let k = 17 - 12. Calculate the greatest common divisor of y and k.
5
Suppose 4*l = 777 - 21. Calculate the greatest common factor of l and 21.
21
Suppose -b = -3*b + 18. What is the greatest common divisor of 9 and b?
9
Let l(j) = j - 12. Let v be l(13). What is the highest common divisor of 11 and v?
1
Let d(m) = -191*m**3 + 3*m**2 + 2*m. Let j be d(-1). Calculate the highest common divisor of 24 and j.
24
Let q = 56 + -22. Calculate the greatest common divisor of q and 136.
34
Let k be -3 - ((-3)/(-3) - 52). Suppose 4*d = d + k. Calculate the highest common factor of d and 176.
16
Suppose -2*g - 2*w + 616 = 0, 4*g - 1232 = -4*w + 3*w. Calculate the greatest common factor of g and 28.
28
Let p = -30 + 49. Suppose s + p = 5*i, -2*i - 2 + 13 = 3*s. What is the greatest common factor of 4 and i?
4
Let p be (-1698)/(-22) + 10/(-55). Suppose 0 = -4*y - j + 24, 3*j + 6 + 6 = 0. Calculate the greatest common factor of p and y.
7
Suppose 4*g + 2*k = 170, -3*g - g + 155 = -k. Suppose -f = f - g. Calculate the highest common factor of f and 160.
20
Let a be (3 - 17)/(4 - 5). What is the greatest common factor of a and 35?
7
Let o(l) = -28*l + 12. Let x(p) = p - 1. Let b(f) = -o(f) - 8*x(f). Let y be b(4). What is the greatest common factor of 19 and y?
19
Let z be 20 - (0 + -3 - 1). What is the greatest common divisor of 60 and z?
12
Let h be 2*2*18/8. Calculate the highest common factor of 3 and h.
3
Let v(c) = -8*c - 4 - 3*c**2 - 4*c**2 + c**2 - c**3. Let b be v(-5). What is the highest common divisor of 88 and b?
11
Let b(a) = 11*a - 10. Let m be b(2). Calculate the highest common factor of m and 30.
6
Let q be (4/10)/(10/950). Let k = 94 - q. Calculate the greatest common divisor of k and 7.
7
Suppose 25 + 10 = -5*o. Let h(n) = -n**2 - 6*n + 10. Let u be h(o). Suppose 0 = u*w - 8 - 1. Calculate the greatest common divisor of w and 1.
1
Let p = 6 - 4. Let r(j) = -j - 2. Let w be r(-2). Suppose -5*u = 4*m - 31, 0 = 2*u - p*m - w + 2. What is the highest common factor of 3 and u?
3
Suppose -3*g - 146 + 8 = 0. Let f = -4 + 1. Let a be (-6)/(f - g/16). Calculate the highest common divisor of a and 6.
6
Let m(d) = 32*d + 1. Let y be m(1). Let s(w) = -9 + 7*w**2 - w**3 + 16*w**2 - 8*w - 12*w**2. Let t be s(10). Calculate the highest common divisor of y and t.
11
Let q(d) = -970*d + 970*d + 3*d**2. Suppose 3*r + 1 + 2 = 0. Let k be q(r). What is the greatest common factor of 21 and k?
3
Suppose 0 = v + 5*c - 95, c + 2*c + 71 = v. What is the greatest common divisor of v and 20?
20
Suppose w + 4*m - 100 = -w, 0 = -3*m. Calculate the greatest common factor of w and 20.
10
Let g = 4 - 1. Suppose -g*n = -4*n - 14. Let j = n - -30. What is the greatest common factor of 112 and j?
16
Let t(n) = -n**3 - 2*n**2 + 3*n - 5. Let g be t(-5). Let i be -9*(-3)/9 + 2. Calculate the greatest common factor of i and g.
5
Suppose 5*d + z = 44, 0*z = d + z - 12. Let o = 11 + -19. Let t = o - -16. Calculate the highest common factor of t and d.
8
Suppose -5*a + 0*a = -220. Suppose 4 = -4*b + 4*x, -2*b + 5*x - 4 = 2*b. Let k be (-1 + 13)*b/(-3). What is the greatest common factor of k and a?
4
Suppose 3*i - 117 = -3*r, -r - 4*r + 4*i + 177 = 0. Suppose 4*q - 23 = -f + r, -q = -4*f - 32. Calculate the highest common factor of 16 and q.
16
Let k = 7 - 7. Suppose 2*o - 5*q - 26 = 0, -2*o + q = -3*q - 22. Suppose -24 = -o*u - k. Calculate the greatest common divisor of 16 and u.
8
Suppose -2*f + 50 = 284. Let i be ((-27)/6)/(2/32). Let p = i - f. Calculate the highest common divisor of p and 9.
9
Let l be (-2 - -48)*(-2)/(-4). Suppose -2*o - 5*r - l + 2 = 0, -o + 4*r = -22. Calculate the highest common factor of 10 and o.
2
Let c be (-27)/(-6)*4/9. What is the highest common factor of c and 4?
2
Let a(u) = 6*u + 6. Let p be a(-6). Let c be ((-32)/6)/(2/p). Calculate the highest common divisor of c and 10.
10
Let q = 16 + -9. Let n = 39 + -11. Suppose 2*j + n = 3*j. What is the highest common factor of j and q?
7
Let v = -3 - -12. Suppose -v = -k + 3. Calculate the greatest common divisor of k and 4.
4
Let p be (4/(-5))/(12/4350*-1). What is the highest common divisor of 58 and p?
58
Let l = -15 - -13. Let o(i) = -9*i**3 - 2*i + 1. Let g be o(l). Calculate the highest common factor of g and 11.
11
Suppose 0*j + 5*n + 14 = j, 3*n = -j + 6. Let p be (1 - 83/2)*-2. What i